base 3?
-2
Convert 354 (base 6) to base 7.
262
What is 9 (base 14) in base 5?
14
Convert -8 (base 15) to base 8.
-10
What is -6 (base 12) in base 7?
-6
Convert -1 (base 9) to base 8.
-1
0 (base 15) to base 14
0
What is 20 (base 3) in base 12?
6
-1 (base 15) to base 16
-1
-52 (base 7) to base 15
-27
What is 1 (base 6) in base 16?
1
2 (base 5) to base 16
2
54 (base 8) to base 14
32
-3 (base 15) to base 10
-3
Convert 0 (base 15) to base 11.
0
Convert -2 (base 3) to base 15.
-2
Convert -35 (base 7) to base 5.
-101
Convert 6 (base 9) to base 4.
12
What is -11 (base 4) in base 6?
-5
What is 10110 (base 2) in base 8?
26
What is -3 (base 10) in base 12?
-3
What is 11 (base 5) in base 10?
6
Convert -110111 (base 2) to base 4.
-313
88 (base 16) to base 4
2020
Convert 1 (base 15) to base 14.
1
What is -5 (base 14) in base 4?
-11
-160 (base 7) to base 6
-231
What is -111 (base 7) in base 9?
-63
2 (base 12) to base 16
2
-4 (base 11) to base 13
-4
413 (base 7) to base 5
1311
1 (base 7) to base 16
1
-52 (base 6) to base 11
-2a
Convert -100 (base 3) to base 15.
-9
Convert 21 (base 15) to base 7.
43
What is -1 (base 10) in base 9?
-1
1 (base 12) to base 13
1
Convert 22 (base 8) to base 7.
24
Convert -2 (base 13) to base 11.
-2
What is -9 (base 15) in base 11?
-9
Convert -90 (base 14) to base 12.
-a6
Convert 5 (base 7) to base 16.
5
2 (base 6) to base 13
2
5 (base 13) to base 5
10
What is 10 (base 4) in base 10?
4
1 (base 12) to base 6
1
What is -72 (base 9) in base 3?
-2102
Convert -6 (base 10) to base 7.
-6
120 (base 5) to base 6
55
12220 (base 3) to base 4
2133
-2 (base 7) to base 3
-2
What is -13 (base 4) in base 5?
-12
What is -142 (base 9) in base 12?
-9b
What is -8 (base 15) in base 14?
-8
34 (base 8) to base 14
20
Convert 1 (base 14) to base 2.
1
What is 5 (base 13) in base 11?
5
b (base 16) to base 15
b
What is -1 (base 10) in base 4?
-1
Convert -1 (base 2) to base 10.
-1
2 (base 5) to base 13
2
Convert -40 (base 9) to base 4.
-210
22 (base 6) to base 13
11
-222 (base 3) to base 7
-35
Convert -112 (base 4) to base 9.
-24
100 (base 2) to base 5
4
-10110 (base 2) to base 4
-112
What is 5 (base 13) in base 8?
5
What is 433 (base 5) in base 2?
1110110
What is -2c (base 16) in base 2?
-101100
Convert -3 (base 5) to base 12.
-3
131 (base 11) to base 8
233
10001011 (base 2) to base 11
117
-158 (base 9) to base 15
-8e
Convert -1222 (base 3) to base 2.
-110101
-61 (base 7) to base 15
-2d
23 (base 11) to base 16
19
What is 4 (base 6) in base 7?
4
Convert 116 (base 9) to base 6.
240
What is -13 (base 7) in base 9?
-11
3 (base 7) to base 11
3
Convert -13 (base 16) to base 13.
-16
What is 1101 (base 4) in base 16?
51
What is 5 (base 11) in base 2?
101
Convert -2202 (base 3) to base 13.
-59
What is 7 (base 10) in base 4?
13
What is 144 (base 6) in base 7?
121
What is 6 (base 14) in base 11?
6
-102 (base 7) to base 8
-63
Convert -1 (base 2) to base 13.
-1
What is 55 (base 6) in base 12?
2b
-1132 (base 5) to base 15
-b2
Convert -21 (base 16) to base 13.
-27
3 (base 8) to base 11
3
-3c (base 15) to base 6
-133
-4 (base 9) to base 7
-4
89 (base 10) to base 7
155
-2 (base 9) to base 5
-2
What is 4f (base 16) in base 3?
2221
0 (base 2) to base 3
0
Convert -38 (base 10) to base 11.
-35
Convert 0 (base 8) to base 9.
0
-93 (base 12) to base 2
-1101111
6f (base 16) to base 6
303
-43 (base 7) to base 6
-51
What is 1f (base 16) in base 3?
1011
What is -3 (base 5) in base 14?
-3
1 (base 4) to base 16
1
What is -1 (base 12) in base 6?
-1
Convert -3 (base 16) to base 14.
-3
Convert 2 (base 16) to base 10.
2
Convert a (base 12) to base 15.
a
2 (base 10) to base 4
2
What is 42 (base 6) in base 12?
22
-1111 (base 3) to base 14
-2c
-298 (base 10) to base 12
-20a
-211 (base 3) to base 11
-20
54 (base 16) to base 14
60
What is -40 (base 13) in base 6?
-124
Convert -88 (base 14) to base 16.
-78
Convert -100000 (base 2) to base 4.
-200
What is c (base 14) in base 7?
15
Convert 454 (base 7) to base 6.
1031
What is 151 (base 14) in base 9?
326
110121 (base 3) to base 4
11110
2022 (base 3) to base 5
222
-a8 (base 14) to base 9
-174
What is 6 (base 15) in base 16?
6
6e (base 16) to base 11
a0
Convert 0 (base 13) to base 8.
0
-2 (base 15) to base 2
-10
Convert -b (base 12) to base 2.
-1011
Convert -201 (base 3) to base 6.
-31
What is 2 (base 6) in base 3?
2
Convert 100 (base 2) to base 14.
4
Convert -4 (base 13) to base 5.
-4
Convert 2 (base 3) to base 13.
2
Convert -101 (base 5) to base 8.
-32
What is -1111001 (base 2) in base 10?
-121
100100100 (base 2) to base 12
204
-51 (base 10) to base 3
-1220
-11 (base 8) to base 11
-9
Convert -2 (base 5) to base 2.
-10
Convert -12 (base 15) to base 5.
-32
-3 (base 12) to base 6
-3
20 (base 14) to base 2
11100
Convert -56 (base 13) to base 11.
-65
What is -1101 (base 2) in base 13?
-10
-a (base 12) to base 14
-a
Convert -1 (base 11) to base 10.
-1
12 (base 12) to base 4
32
1 (base 15) to base 5
1
1020 (base 4) to base 11
66
-55 (base 7) to base 13
-31
-112 (base 6) to base 14
-32
What is 3 (base 16) in base 10?
3
Convert -3 (base 15) to base 8.
-3
Convert -1 (base 4) to base 10.
-1
Convert 111 (base 2) to base 5.
12
-92 (base 10) to base 4
-1130
What is -2 (base 5) in base 7?
-2
21 (base 4) to base 15
9
Convert -1 (base 13) to base 9.
-1
Convert -202 (base 4) to base 10.
-34
Convert -4 (base 12) to base 9.
-4
What is 1043 (base 5) in base 16?
94
Convert 7 (base 9) to base 10.
7
-12 (base 16) to base 5
-33
5 (base 16) to base 12
5
What is -43 (base 7) in base 12?
-27
Convert 2 (base 16) to base 15.
2
What is 213 (base 4) in base 12?
33
What is 96 (base 11) in base 15?
70
What is 1 (base 9) in base 16?
1
Convert -34 (base 5) to base 7.
-25
Convert 2200 (base 3) to base 15.
4c
Convert -10 (base 3) to base 15.
-3
-104 (base 6) to base 8
-50
What is 2 (base 5) in base 7?
2
-2011 (base 3) to base 6
-134
What is -1 (base 3) in base 5?
-1
What is 0 (base 7) in base 8?
0
What is 26 (base 9) in base 4?
120
What is -444 (base 5) in base 13?
-97
3 (base 15) to base 5
3
Convert 110 (base 2) to base 13.
6
-1 (base 10) to base 16
-1
Convert -3 (base 16) to base 3.
-10
100000010 (base 2) to base 16
102
Convert 12 (base 15) to base 12.
15
What is 1 (base 12) in base 6?
1
-45 (base 6) to base 15
-1e
Convert 100 (base 7) to base 16.
31
-3 (base 5) to base 11
-3
6 (base 13) to base 4
12
Convert -1002 (base 4) to base 11.
-60
-1 (base 12) to base 13
-1
122 (base 4) to base 3
222
Convert -32 (base 11) to base 8.
-43
Convert 1 (base 5) to base 11.
1
What is -1020 (base 3) in base 14?
-25
Convert -37 (base 12) to base 11.
-3a
2 (base 7) to base 11
2
Convert 1020 (base 4) to base 7.
132
1 (base 9) to base 13
1
-32 (base 14) to base 11
-40
What is -31 (base 7) in base 2?
-10110
Convert 1101011 (base 2) to base 3.
10222
-5 (base 15) to base 6
-5
What is 26 (base 12) in base 15?
20
10 (base 11) to base 6
15
What is 10 (base 4) in base 13?
4
Convert -c3 (base 13) to base 14.
-b5
What is -11 (base 10) in base 9?
-12
Convert 2 (base 8) to base 10.
2
0 (base 8) to base 9
0
Convert 150 (base 7) to base 8.
124
4 (base 6) to base 7
4
What is -2 (base 8) in base 15?
-2
16 (base 8) to base 14
10
1 (base 3) to base 16
1
What is 6 (base 9) in base 16?
6
0 (base 12) to base 13
0
6 (base 7) to base 8
6
15 (base 15) to base 11
19
200 (base 6) to base 16
48
What is -11 (base 13) in base 11?
-13
Convert 34 (base 5) to base 7.
25
What is -7 (base 16) in base 4?
-13
What is 147 (base 14) in base 12?
197
What is 9a (base 12) in base 3?
11101
-111 (base 4) to base 2
-10101
Convert -27 (base 8) to base 9.
-25
What is -2 (base 12) in base 7?
-2
Convert -3 (base 7) to base 4.
-3
8 (base 9) to base 11
8
138 (base 9) to base 13
8c
What is 5 (base 13) in base 4?
11
What is -12 (base 7) in base 2?
-1001
What is -1 (base 2) in base 12?
-1
103 (base 7) to base 5
202
5 (base 7) to base 5
10
What is -221 (base 11) in base 5?
-2030
What is -2 (base 15) in base 3?
-2
Convert -1d (base 14) to base 6.
-43
Convert 4 (base 15) to base 9.
4
What is -44 (base 9) in base 7?
-55
-2 (base 5) to base 6
-2
-2 (base 13) to base 16
-2
Convert 2 (base 7) to base 2.
10
What is 7 (base 12) in base 7?
10
Convert -23 (base 4) to base 10.
-11
6 (base 10) to base 6
10
What is 1033 (base 4) in base 5?
304
-5 (base 15) to base 4
